{"id":20706,"date":"2020-11-08T01:32:46","date_gmt":"2020-11-08T00:32:46","guid":{"rendered":"https:\/\/hairlab.pl\/?post_type=product&#038;p=20706"},"modified":"2022-09-30T22:32:30","modified_gmt":"2022-09-30T20:32:30","slug":"ksiazka-o-wlosach","status":"publish","type":"product","link":"https:\/\/hairlab.pl\/en\/produkt\/ksiazka-o-wlosach\/","title":{"rendered":"Ksi\u0105\u017cka: Problem w g\u0142owie czy na g\u0142owie"},"content":{"rendered":"<h2 style=\"text-align: center;\"><strong>UWAGA: KSI\u0104\u017bKI DOST\u0118PNE DO ZAKUPU WY\u0141\u0104CZNIE W SKLEPIE MAGDALENY SZYMCZAK- K\u0118PKI: <\/strong><a href=\"https:\/\/psychologodwlosow.pl\/sklep\/\"><strong>https:\/\/psychologodwlosow.pl\/sklep\/<\/strong><\/a><\/h2>\n<p>Tytu\u0142 ksi\u0105\u017cki sugeruje, \u017ce utrata w\u0142os\u00f3w jest nie tylko kwesti\u0105 wizualnej, fizycznej zmiany, ale mo\u017ce tak\u017ce dotyczy\u0107 proces\u00f3w, jakie zachodz\u0105 w nas samych, w sposobie postrzegania naszego \u017cycia i codziennego funkcjonowania. Nie warto udawa\u0107, \u017ce nic si\u0119 nie sta\u0142o, ale te\u017c nie ma sensu \u017cy\u0107 z tym problemem samotnie, w poczuciu, \u017ce nikt nas nie rozumie. Bo w rzeczywisto\u015bci jest kto\u015b, kto nas rozumie. Jest wiele os\u00f3b, kt\u00f3re mog\u0105 zrozumie\u0107. I w\u0142a\u015bnie o nich pisz\u0119 w ksi\u0105\u017cce, pokazuj\u0105c, z czym zmagaj\u0105 si\u0119 osoby trac\u0105ce w\u0142osy, a co mo\u017ce pokaza\u0107 wielu z Was, \u017ce nie tylko Wy przez to przechodzicie. Strach przed p\u00f3j\u015bciem do fryzjera, niewyt\u0142umaczone wybuchy agresji, czasem wobec nieznanych os\u00f3b, setki wizyt u specjalist\u00f3w, skupianie si\u0119 na fryzurach innych os\u00f3b \u2013 czy te kwestie nie wydaj\u0105 Ci si\u0119 znajome?<\/p>\n<p><strong>UWAGA: KSI\u0104\u017bKI DOST\u0118PNE DO ZAKUPU WY\u0141\u0104CZNIE W SKLEPIE MAGDALENY SZYMCZAK- K\u0118PKI: <\/strong><a href=\"https:\/\/psychologodwlosow.pl\/sklep\/\"><strong>https:\/\/psychologodwlosow.pl\/sklep\/<\/strong><\/a><\/p>\n","protected":false},"excerpt":{"rendered":"<p><strong>UWAGA: KSI\u0104\u017bKI DOST\u0118PNE DO ZAKUPU WY\u0141\u0104CZNIE W SKLEPIE MAGDALENY SZYMCZAK- K\u0118PKI:<br \/>\n<\/strong><a href=\"https:\/\/psychologodwlosow.pl\/sklep\/\"><strong>https:\/\/psychologodwlosow.pl\/sklep\/<\/strong><\/a><\/p>\n<p>Ksi\u0105\u017cka \u201eProblem w g\u0142owie czy na g\u0142owie? Dowiedz si\u0119, z czym naprawd\u0119 walczysz\u201d- co w niej mo\u017cesz znale\u017a\u0107?<\/p>\n","protected":false},"featured_media":20707,"template":"","meta":{"_bbp_topic_count":0,"_bbp_reply_count":0,"_bbp_total_topic_count":0,"_bbp_total_reply_count":0,"_bbp_voice_count":0,"_bbp_anonymous_reply_count":0,"_bbp_topic_count_hidden":0,"_bbp_reply_count_hidden":0,"_bbp_forum_subforum_count":0},"product_brand":[],"product_cat":[372],"product_tag":[],"class_list":{"0":"post-20706","1":"product","2":"type-product","3":"status-publish","4":"has-post-thumbnail","6":"product_cat-ksiazki","8":"first","9":"instock","10":"shipping-taxable","11":"product-type-simple"},"yoast_head":"<!-- This site is optimized with the Yoast SEO plugin v25.7 - https:\/\/yoast.com\/wordpress\/plugins\/seo\/ -->\n<title>Ksi\u0105\u017cka: Problem w g\u0142owie czy na g\u0142owie - Klinika W\u0142os\u00f3w Hair LAB<\/title>\n<meta name=\"robots\" content=\"index, follow, max-snippet:-1, max-image-preview:large, max-video-preview:-1\" \/>\n<link rel=\"canonical\" href=\"https:\/\/hairlab.pl\/produkt\/ksiazka-o-wlosach\/\" \/>\n<meta property=\"og:locale\" content=\"en_US\" \/>\n<meta property=\"og:type\" content=\"article\" \/>\n<meta property=\"og:title\" content=\"Ksi\u0105\u017cka: Problem w g\u0142owie czy na g\u0142owie - Klinika W\u0142os\u00f3w Hair LAB\" \/>\n<meta property=\"og:description\" content=\"UWAGA: KSI\u0104\u017bKI DOST\u0118PNE DO ZAKUPU WY\u0141\u0104CZNIE W SKLEPIE MAGDALENY SZYMCZAK- K\u0118PKI: https:\/\/psychologodwlosow.pl\/sklep\/  Ksi\u0105\u017cka \u201eProblem w g\u0142owie czy na g\u0142owie? Dowiedz si\u0119, z czym naprawd\u0119 walczysz\u201d- co w niej mo\u017cesz znale\u017a\u0107?\" \/>\n<meta property=\"og:url\" content=\"https:\/\/hairlab.pl\/produkt\/ksiazka-o-wlosach\/\" \/>\n<meta property=\"og:site_name\" content=\"Klinika W\u0142os\u00f3w Hair LAB\" \/>\n<meta property=\"article:modified_time\" content=\"2022-09-30T20:32:30+00:00\" \/>\n<meta property=\"og:image\" content=\"https:\/\/hairlab.pl\/wp-content\/uploads\/2020\/12\/magdalena-szymczk-problem-w-glowie-czy-na-glowie.jpg\" \/>\n\t<meta property=\"og:image:width\" content=\"992\" \/>\n\t<meta property=\"og:image:height\" content=\"1323\" \/>\n\t<meta property=\"og:image:type\" content=\"image\/jpeg\" \/>\n<meta name=\"twitter:label1\" content=\"Est. reading time\" \/>\n\t<meta name=\"twitter:data1\" content=\"1 minute\" \/>\n<script type=\"application\/ld+json\" class=\"yoast-schema-graph\">{\"@context\":\"https:\/\/schema.org\",\"@graph\":[{\"@type\":\"WebPage\",\"@id\":\"https:\/\/hairlab.pl\/produkt\/ksiazka-o-wlosach\/\",\"url\":\"https:\/\/hairlab.pl\/produkt\/ksiazka-o-wlosach\/\",\"name\":\"Ksi\u0105\u017cka: Problem w g\u0142owie czy na g\u0142owie - Klinika W\u0142os\u00f3w Hair LAB\",\"isPartOf\":{\"@id\":\"https:\/\/hairlab.pl\/#website\"},\"primaryImageOfPage\":{\"@id\":\"https:\/\/hairlab.pl\/produkt\/ksiazka-o-wlosach\/#primaryimage\"},\"image\":{\"@id\":\"https:\/\/hairlab.pl\/produkt\/ksiazka-o-wlosach\/#primaryimage\"},\"thumbnailUrl\":\"https:\/\/hairlab.pl\/wp-content\/uploads\/2020\/12\/magdalena-szymczk-problem-w-glowie-czy-na-glowie.jpg\",\"datePublished\":\"2020-11-08T00:32:46+00:00\",\"dateModified\":\"2022-09-30T20:32:30+00:00\",\"breadcrumb\":{\"@id\":\"https:\/\/hairlab.pl\/produkt\/ksiazka-o-wlosach\/#breadcrumb\"},\"inLanguage\":\"en-US\",\"potentialAction\":[{\"@type\":\"ReadAction\",\"target\":[\"https:\/\/hairlab.pl\/produkt\/ksiazka-o-wlosach\/\"]}]},{\"@type\":\"ImageObject\",\"inLanguage\":\"en-US\",\"@id\":\"https:\/\/hairlab.pl\/produkt\/ksiazka-o-wlosach\/#primaryimage\",\"url\":\"https:\/\/hairlab.pl\/wp-content\/uploads\/2020\/12\/magdalena-szymczk-problem-w-glowie-czy-na-glowie.jpg\",\"contentUrl\":\"https:\/\/hairlab.pl\/wp-content\/uploads\/2020\/12\/magdalena-szymczk-problem-w-glowie-czy-na-glowie.jpg\",\"width\":992,\"height\":1323},{\"@type\":\"BreadcrumbList\",\"@id\":\"https:\/\/hairlab.pl\/produkt\/ksiazka-o-wlosach\/#breadcrumb\",\"itemListElement\":[{\"@type\":\"ListItem\",\"position\":1,\"name\":\"Sklep\",\"item\":\"https:\/\/hairlab.pl\/sklep\/\"},{\"@type\":\"ListItem\",\"position\":2,\"name\":\"Ksi\u0105\u017cka: Problem w g\u0142owie czy na g\u0142owie\"}]},{\"@type\":\"WebSite\",\"@id\":\"https:\/\/hairlab.pl\/#website\",\"url\":\"https:\/\/hairlab.pl\/\",\"name\":\"Klinika W\u0142os\u00f3w Hair LAB\",\"description\":\"Klinika W\u0142os\u00f3w Hair LAB oferuje kompleksowe us\u0142ugi w walce z wypadaniem w\u0142os\u00f3w i \u0142ysieniem. Zajmujemy si\u0119 m.in. uzupe\u0142nianiem w\u0142os\u00f3w, leczeniem i poradami\",\"potentialAction\":[{\"@type\":\"SearchAction\",\"target\":{\"@type\":\"EntryPoint\",\"urlTemplate\":\"https:\/\/hairlab.pl\/?s={search_term_string}\"},\"query-input\":{\"@type\":\"PropertyValueSpecification\",\"valueRequired\":true,\"valueName\":\"search_term_string\"}}],\"inLanguage\":\"en-US\"}]}<\/script>\n<!-- \/ Yoast SEO plugin. -->","yoast_head_json":{"title":"Ksi\u0105\u017cka: Problem w g\u0142owie czy na g\u0142owie - Klinika W\u0142os\u00f3w Hair LAB","robots":{"index":"index","follow":"follow","max-snippet":"max-snippet:-1","max-image-preview":"max-image-preview:large","max-video-preview":"max-video-preview:-1"},"canonical":"https:\/\/hairlab.pl\/produkt\/ksiazka-o-wlosach\/","og_locale":"en_US","og_type":"article","og_title":"Ksi\u0105\u017cka: Problem w g\u0142owie czy na g\u0142owie - Klinika W\u0142os\u00f3w Hair LAB","og_description":"UWAGA: KSI\u0104\u017bKI DOST\u0118PNE DO ZAKUPU WY\u0141\u0104CZNIE W SKLEPIE MAGDALENY SZYMCZAK- K\u0118PKI: https:\/\/psychologodwlosow.pl\/sklep\/  Ksi\u0105\u017cka \u201eProblem w g\u0142owie czy na g\u0142owie? Dowiedz si\u0119, z czym naprawd\u0119 walczysz\u201d- co w niej mo\u017cesz znale\u017a\u0107?","og_url":"https:\/\/hairlab.pl\/produkt\/ksiazka-o-wlosach\/","og_site_name":"Klinika W\u0142os\u00f3w Hair LAB","article_modified_time":"2022-09-30T20:32:30+00:00","og_image":[{"width":992,"height":1323,"url":"https:\/\/hairlab.pl\/wp-content\/uploads\/2020\/12\/magdalena-szymczk-problem-w-glowie-czy-na-glowie.jpg","type":"image\/jpeg"}],"twitter_misc":{"Est. reading time":"1 minute"},"schema":{"@context":"https:\/\/schema.org","@graph":[{"@type":"WebPage","@id":"https:\/\/hairlab.pl\/produkt\/ksiazka-o-wlosach\/","url":"https:\/\/hairlab.pl\/produkt\/ksiazka-o-wlosach\/","name":"Ksi\u0105\u017cka: Problem w g\u0142owie czy na g\u0142owie - Klinika W\u0142os\u00f3w Hair LAB","isPartOf":{"@id":"https:\/\/hairlab.pl\/#website"},"primaryImageOfPage":{"@id":"https:\/\/hairlab.pl\/produkt\/ksiazka-o-wlosach\/#primaryimage"},"image":{"@id":"https:\/\/hairlab.pl\/produkt\/ksiazka-o-wlosach\/#primaryimage"},"thumbnailUrl":"https:\/\/hairlab.pl\/wp-content\/uploads\/2020\/12\/magdalena-szymczk-problem-w-glowie-czy-na-glowie.jpg","datePublished":"2020-11-08T00:32:46+00:00","dateModified":"2022-09-30T20:32:30+00:00","breadcrumb":{"@id":"https:\/\/hairlab.pl\/produkt\/ksiazka-o-wlosach\/#breadcrumb"},"inLanguage":"en-US","potentialAction":[{"@type":"ReadAction","target":["https:\/\/hairlab.pl\/produkt\/ksiazka-o-wlosach\/"]}]},{"@type":"ImageObject","inLanguage":"en-US","@id":"https:\/\/hairlab.pl\/produkt\/ksiazka-o-wlosach\/#primaryimage","url":"https:\/\/hairlab.pl\/wp-content\/uploads\/2020\/12\/magdalena-szymczk-problem-w-glowie-czy-na-glowie.jpg","contentUrl":"https:\/\/hairlab.pl\/wp-content\/uploads\/2020\/12\/magdalena-szymczk-problem-w-glowie-czy-na-glowie.jpg","width":992,"height":1323},{"@type":"BreadcrumbList","@id":"https:\/\/hairlab.pl\/produkt\/ksiazka-o-wlosach\/#breadcrumb","itemListElement":[{"@type":"ListItem","position":1,"name":"Sklep","item":"https:\/\/hairlab.pl\/sklep\/"},{"@type":"ListItem","position":2,"name":"Ksi\u0105\u017cka: Problem w g\u0142owie czy na g\u0142owie"}]},{"@type":"WebSite","@id":"https:\/\/hairlab.pl\/#website","url":"https:\/\/hairlab.pl\/","name":"Klinika W\u0142os\u00f3w Hair LAB","description":"Klinika W\u0142os\u00f3w Hair LAB oferuje kompleksowe us\u0142ugi w walce z wypadaniem w\u0142os\u00f3w i \u0142ysieniem. Zajmujemy si\u0119 m.in. uzupe\u0142nianiem w\u0142os\u00f3w, leczeniem i poradami","potentialAction":[{"@type":"SearchAction","target":{"@type":"EntryPoint","urlTemplate":"https:\/\/hairlab.pl\/?s={search_term_string}"},"query-input":{"@type":"PropertyValueSpecification","valueRequired":true,"valueName":"search_term_string"}}],"inLanguage":"en-US"}]}},"_links":{"self":[{"href":"https:\/\/hairlab.pl\/en\/wp-json\/wp\/v2\/product\/20706","targetHints":{"allow":["GET"]}}],"collection":[{"href":"https:\/\/hairlab.pl\/en\/wp-json\/wp\/v2\/product"}],"about":[{"href":"https:\/\/hairlab.pl\/en\/wp-json\/wp\/v2\/types\/product"}],"wp:featuredmedia":[{"embeddable":true,"href":"https:\/\/hairlab.pl\/en\/wp-json\/wp\/v2\/media\/20707"}],"wp:attachment":[{"href":"https:\/\/hairlab.pl\/en\/wp-json\/wp\/v2\/media?parent=20706"}],"wp:term":[{"taxonomy":"product_brand","embeddable":true,"href":"https:\/\/hairlab.pl\/en\/wp-json\/wp\/v2\/product_brand?post=20706"},{"taxonomy":"product_cat","embeddable":true,"href":"https:\/\/hairlab.pl\/en\/wp-json\/wp\/v2\/product_cat?post=20706"},{"taxonomy":"product_tag","embeddable":true,"href":"https:\/\/hairlab.pl\/en\/wp-json\/wp\/v2\/product_tag?post=20706"}],"curies":[{"name":"wp","href":"https:\/\/api.w.org\/{rel}","templated":true}]}}

Książka: Problem w głowie czy na głowie

<h2 style="text-align: center;"><strong>UWAGA: KSIĄŻKI DOSTĘPNE DO ZAKUPU WYŁĄCZNIE W SKLEPIE MAGDALENY SZYMCZAK- KĘPKI: </strong><a href="https://psychologodwlosow.pl/sklep/"><strong>https://psychologodwlosow.pl/sklep/</strong></a></h2>
<p>Tytuł książki sugeruje, że utrata włosów jest nie tylko kwestią wizualnej, fizycznej zmiany, ale może także dotyczyć procesów, jakie zachodzą w nas samych, w sposobie postrzegania naszego życia i codziennego funkcjonowania. Nie warto udawać, że nic się nie stało, ale też nie ma sensu żyć z tym problemem samotnie, w poczuciu, że nikt nas nie rozumie. Bo w rzeczywistości jest ktoś, kto nas rozumie. Jest wiele osób, które mogą zrozumieć. I właśnie o nich piszę w książce, pokazując, z czym zmagają się osoby tracące włosy, a co może pokazać wielu z Was, że nie tylko Wy przez to przechodzicie. Strach przed pójściem do fryzjera, niewytłumaczone wybuchy agresji, czasem wobec nieznanych osób, setki wizyt u specjalistów, skupianie się na fryzurach innych osób – czy te kwestie nie wydają Ci się znajome?</p>
<p><strong>UWAGA: KSIĄŻKI DOSTĘPNE DO ZAKUPU WYŁĄCZNIE W SKLEPIE MAGDALENY SZYMCZAK- KĘPKI: </strong><a href="https://psychologodwlosow.pl/sklep/"><strong>https://psychologodwlosow.pl/sklep/</strong></a></p>

<p><strong>UWAGA: KSIĄŻKI DOSTĘPNE DO ZAKUPU WYŁĄCZNIE W SKLEPIE MAGDALENY SZYMCZAK- KĘPKI:<br />
</strong><a href="https://psychologodwlosow.pl/sklep/"><strong>https://psychologodwlosow.pl/sklep/</strong></a></p>
<p>Książka „Problem w głowie czy na głowie? Dowiedz się, z czym naprawdę walczysz”- co w niej możesz znaleźć?</p>

<!-- This site is optimized with the Yoast SEO plugin v25.7 - https://yoast.com/wordpress/plugins/seo/ -->
<title>Książka: Problem w głowie czy na głowie - Klinika Włosów Hair LAB</title>
<meta name="robots" content="index, follow, max-snippet:-1, max-image-preview:large, max-video-preview:-1" />
<link rel="canonical" href="https://hairlab.pl/produkt/ksiazka-o-wlosach/" />
<meta property="og:locale" content="en_US" />
<meta property="og:type" content="article" />
<meta property="og:title" content="Książka: Problem w głowie czy na głowie - Klinika Włosów Hair LAB" />
<meta property="og:description" content="UWAGA: KSIĄŻKI DOSTĘPNE DO ZAKUPU WYŁĄCZNIE W SKLEPIE MAGDALENY SZYMCZAK- KĘPKI: https://psychologodwlosow.pl/sklep/  Książka „Problem w głowie czy na głowie? Dowiedz się, z czym naprawdę walczysz”- co w niej możesz znaleźć?" />
<meta property="og:url" content="https://hairlab.pl/produkt/ksiazka-o-wlosach/" />
<meta property="og:site_name" content="Klinika Włosów Hair LAB" />
<meta property="article:modified_time" content="2022-09-30T20:32:30+00:00" />
<meta property="og:image" content="https://hairlab.pl/wp-content/uploads/2020/12/magdalena-szymczk-problem-w-glowie-czy-na-glowie.jpg" />
	<meta property="og:image:width" content="992" />
	<meta property="og:image:height" content="1323" />
	<meta property="og:image:type" content="image/jpeg" />
<meta name="twitter:label1" content="Est. reading time" />
	<meta name="twitter:data1" content="1 minute" />
<script type="application/ld+json" class="yoast-schema-graph">{"@context":"https://schema.org","@graph":[{"@type":"WebPage","@id":"https://hairlab.pl/produkt/ksiazka-o-wlosach/","url":"https://hairlab.pl/produkt/ksiazka-o-wlosach/","name":"Książka: Problem w głowie czy na głowie - Klinika Włosów Hair LAB","isPartOf":{"@id":"https://hairlab.pl/#website"},"primaryImageOfPage":{"@id":"https://hairlab.pl/produkt/ksiazka-o-wlosach/#primaryimage"},"image":{"@id":"https://hairlab.pl/produkt/ksiazka-o-wlosach/#primaryimage"},"thumbnailUrl":"https://hairlab.pl/wp-content/uploads/2020/12/magdalena-szymczk-problem-w-glowie-czy-na-glowie.jpg","datePublished":"2020-11-08T00:32:46+00:00","dateModified":"2022-09-30T20:32:30+00:00","breadcrumb":{"@id":"https://hairlab.pl/produkt/ksiazka-o-wlosach/#breadcrumb"},"inLanguage":"en-US","potentialAction":[{"@type":"ReadAction","target":["https://hairlab.pl/produkt/ksiazka-o-wlosach/"]}]},{"@type":"ImageObject","inLanguage":"en-US","@id":"https://hairlab.pl/produkt/ksiazka-o-wlosach/#primaryimage","url":"https://hairlab.pl/wp-content/uploads/2020/12/magdalena-szymczk-problem-w-glowie-czy-na-glowie.jpg","contentUrl":"https://hairlab.pl/wp-content/uploads/2020/12/magdalena-szymczk-problem-w-glowie-czy-na-glowie.jpg","width":992,"height":1323},{"@type":"BreadcrumbList","@id":"https://hairlab.pl/produkt/ksiazka-o-wlosach/#breadcrumb","itemListElement":[{"@type":"ListItem","position":1,"name":"Sklep","item":"https://hairlab.pl/sklep/"},{"@type":"ListItem","position":2,"name":"Książka: Problem w głowie czy na głowie"}]},{"@type":"WebSite","@id":"https://hairlab.pl/#website","url":"https://hairlab.pl/","name":"Klinika Włosów Hair LAB","description":"Klinika Włosów Hair LAB oferuje kompleksowe usługi w walce z wypadaniem włosów i łysieniem. Zajmujemy się m.in. uzupełnianiem włosów, leczeniem i poradami","potentialAction":[{"@type":"SearchAction","target":{"@type":"EntryPoint","urlTemplate":"https://hairlab.pl/?s={search_term_string}"},"query-input":{"@type":"PropertyValueSpecification","valueRequired":true,"valueName":"search_term_string"}}],"inLanguage":"en-US"}]}</script>
<!-- / Yoast SEO plugin. -->

Książka: Problem w głowie czy na głowie - Klinika Włosów Hair LAB

UWAGA: KSIĄŻKI DOSTĘPNE DO ZAKUPU WYŁĄCZNIE W SKLEPIE MAGDALENY SZYMCZAK- KĘPKI: https://psychologodwlosow.pl/sklep/  Książka „Problem w głowie czy na głowie? Dowiedz się, z czym naprawdę walczysz”- co w niej możesz znaleźć?

Klinika Włosów Hair LAB

Klinika Włosów Hair LAB oferuje kompleksowe usługi w walce z wypadaniem włosów i łysieniem. Zajmujemy się m.in. uzupełnianiem włosów, leczeniem i poradami
